 o be v(9). Suppose t - o = 19. Calculate the remainder when 95 is divided by t.
45
Let m = -25 + -10. Let s = m + 79. Calculate the remainder when 5/(-2 - (-92)/s) is divided by 29.
26
Let w be (-3)/(-5 - -2)*5. Suppose 0 = w*h - 415 + 110. What is the remainder when h is divided by (16/4)/((-3)/(-24))?
29
Let x = 141 - 27. Suppose 4*h = -l + 139, 3*h + l - x = -3*l. What is the remainder when h is divided by 12?
10
Let d(t) = 28*t - 1. What is the remainder when 92 is divided by d(1)?
11
Let w(r) = -26*r + 1. Suppose -2*i + 0 = 4. Let t be 1*2/(i - 0). What is the remainder when w(t) is divided by 14?
13
Let y = 110 - 51. Let q = y + -42. Calculate the remainder when q is divided by 5.
2
Let p = 158 + -130. What is the remainder when 54 is divided by p?
26
Let i = 226 + -351. Let c = i - -145. What is the remainder when 24 is divided by c?
4
Suppose 5*i = 3*m - 436, 2*m - i = 190 + 96. Let x = m - 98. What is the remainder when 85 is divided by x?
41
Let z(i) = -45*i - 6. Calculate the remainder when 72 is divided by z(-1).
33
Let a(i) = -i**3 + 4*i**2 + 32*i - 122. Let q be -1 - (-2 - (-5 + -1)). Let s = -3 - q. What is the remainder when a(4) is divided by s?
0
Let k(p) = p**3 - 11*p**2 - 9*p - 7. What is the remainder when 81 is divided by k(12)?
23
Suppose 0 = -3*x + u - 1, 5*x + u = -7 - 8. What is the remainder when x/(-13) - 466/(-13) is divided by 10?
6
Let c be ((-5)/(-2))/(11/(-22)). What is the remainder when 82 is divided by c/((-25)/10) - -26?
26
Let s(i) = i**3 + 12*i**2 - i - 4. Let w be s(-12). Suppose -38 = -3*j - w. Calculate the remainder when 37 is divided by j.
7
Let h = 17 + -34. Let c = -14 - h. Suppose -2*a + 4*x + 56 = 0, c*x + x + 92 = 4*a. Calculate the remainder when 71 is divided by a.
17
Suppose q + 0 = -4*f - 10, -13 = 3*f - 2*q. Let r(x) = x**2 - 5*x - 6. Calculate the remainder when 70 is divided by r(f).
16
Suppose 3*v - 274 = -l + 541, 3*l - 2485 = -v. Calculate the remainder when l is divided by 20.
10
Let x = -32 + 32. Suppose -5*n - 2 + 227 = x. What is the remainder when n is divided by 16?
13
Let g(l) = l**3 - 6*l**2 + 8*l + 1. What is the remainder when 58 is divided by g(5)?
10
Let m = -36 + 37. What is the remainder when m*4 - (-3 - 29) is divided by 13?
10
Let s = 293 + -83. Suppose -6*i + s = -i. Calculate the remainder when i is divided by ((-15)/4)/(3/(-12)).
12
Suppose 0 = 5*z - c - 109, c + 3*c = -3*z + 70. Let p = z - 46. Let f = -18 - p. What is the remainder when 21 is divided by f?
3
Let o(r) = 3*r + 11. Let q(l) = 3*l + 12. Let g(t) = -4*o(t) + 3*q(t). What is the remainder when 4 is divided by g(-4)?
0
What is the remainder when 66 is divided by ((-1683)/(-119) - 15)*(-35)/3?
6
Let o(i) be the second derivative of 4*i**3/3 - 11*i**2/2 - i. Suppose -w + 49 = -0*w. What is the remainder when w is divided by o(3)?
10
Let l = -23 - -23. Suppose l = -5*m - 0*m + 140. What is the remainder when m is divided by 1*16 - (-1 - -2)?
13
Let s(a) = 12*a**3 - 2*a**2 - 12*a + 14. What is the remainder when ((-68)/(-10))/(3/15) is divided by s(1)?
10
Let x(s) = -28*s**2 + 3*s - 11. Let r(k) = 14*k**2 - k + 5. Let a(w) = 5*r(w) + 2*x(w). Let u = -67 + 65. Calculate the remainder when a(u) is divided by 29.
28
Suppose -52*d - 57*d + 18857 = 0. What is the remainder when d is divided by 56?
5
Let v = 69 + -27. Let q(g) = 5*g - 4. Let k(t) = -4*t + 3. Let x(b) = 6*k(b) + 5*q(b). What is the remainder when v is divided by x(17)?
12
Suppose 100 = z + 9*z. Let u be (-2 + (3 - 1))/2. Suppose u*a = 5*a - 35. Calculate the remainder when z is divided by a.
3
Calculate the remainder when 277 is divided by -2 + (-450)/(-21) + (-60)/(-105).
17
Suppose 0 = 3*a - 5*t - 164, 0 = -3*a + t - 118 + 302. Let q = 54 - 38. What is the remainder when a is divided by q?
15
Let b(d) = 5*d + 2. Let w be b(-4). What is the remainder when 75 is divided by (-6)/w + 141/9?
11
Suppose 0 = 4*d + 6*k - k - 345, d - 5*k = 55. What is the remainder when 236 is divided by d?
76
Let h = 174 + -22. Suppose 32*b + 5*o = 36*b - 139, 4*o = -3*b + 81. Calculate the remainder when h is divided by b.
28
Suppose 2*v - 282 = -4*o, 3*v - 5*o + o = 383. Calculate the remainder when 36 is divided by 1477/v + (-4)/38.
3
Let s = 66 + -28. Let c = -2130 + 2279. What is the remainder when c is divided by s?
35
Let c(m) = 37*m**2 - 9*m - 12*m**2 + 10 - 21*m**2. What is the remainder when c(7) is divided by 24?
23
Let v = 681 - 467. Suppose 16*d = 480 - 82 + 466. Calculate the remainder when v is divided by d.
52
Let r = 835 - 657. What is the remainder when r is divided by 72?
34
Let h(j) = 364*j - 1046. What is the remainder when h(6) is divided by 12?
10
Calculate the remainder when 239 is divided by ((-27)/(-2) + 0)*(-2028)/(-234).
5
Let r(q) = 11*q**2 - 22*q**2 + 5*q + 9*q**2 - q**3 - 4*q + 88. Let o be r(0). Suppose 5*w - 97 = o. What is the remainder when w is divided by 19?
18
Let c(u) = 7*u + 32*u + 31*u - 2. Let v be c(1). Suppose 0 = 5*z - z - v. What is the remainder when 66 is divided by z?
15
Let b(x) = x**3 + 2*x**2 - 3*x + 3. Let q be (1 - 1) + (9 - 12). Let h be b(q). Suppose -a - h*a + 72 = 0. What is the remainder when a is divided by 10?
8
Let w = -42 + 47. Suppose 3*f - 41 = w*m, f - 3*m = 5*f - 45. Calculate the remainder when 20 is divided by f.
8
Let j be -4*(-4 - -3)*1. Suppose l = -j*l - 75. What is the remainder when 45 is divided by (-248)/(-20) + 6/l?
9
Suppose 0 = -23*z - 36 + 312. What is the remainder when 19 is divided by z?
7
Let k(m) = -3*m**2 - 127*m - 79. What is the remainder when k(-39) is divided by 298?
13
Let m = -22 - -53. Let f = -15 + m. Suppose 3*i = 5*h - 62, -2*h + 0*h - i = -f. Calculate the remainder when 29 is divided by h.
9
Let h be (-20)/(-15) - (24/9)/(-4). Suppose 0 = -4*w + 16, -w - 10 = h*k - 52. Calculate the remainder when k is divided by 13.
6
Suppose f - 74 = -4*c + c, 3*c + 68 = f. Suppose 0*w - 2*w = -296. Suppose -w = -8*p + 4*p. What is the remainder when f is divided by p?
34
Suppose 0 = -27*z - 26*z + 4664. Calculate the remainder when z is divided by 16.
8
Suppose 200 = 10*k - 0*k. What is the remainder when -36*(-2 - -4)/(-2) is divided by k?
16
Suppose 0 = -4*f + 2*c + 6, 2*c - 3 = -f + 1. Suppose f*w - 180 = -8*w. Let n(y) = 2*y**2 - 8*y + 5. What is the remainder when n(8) is divided by w?
15
What is the remainder when 6230/(15/3) + (10 - 11) is divided by 26?
23
Suppose -2*v - 4*s = -v + 12, 0 = 4*s + 12. Suppose -a = -3*q - 37, 0 = 5*a - v*q - q - 129. What is the remainder when a is divided by 7?
4
Let g(o) = o. Let w be g(-6). Let k = 8 + w. Let q(f) = -f**3 - 15*f**2 + 16*f + 2. Calculate the remainder when k is divided by q(-16).
0
Suppose -4*d + 352 = 4*t, 4 + 8 = -4*d. Calculate the remainder when 816 is divided by t.
88
Let w = -3 - -6. Let c = w + -5. Calculate the remainder when 40 is divided by (-6)/2 - -15 - c.
12
Suppose -3 = 3*n + 2*v - 43, 4*v = 8. What is the remainder when 514 is divided by n?
10
Suppose 0 = 4557*m - 4549*m - 376. Let w = 1 + 7. Calculate the remainder when m is divided by w.
7
Let s = -65 + 66. What is the remainder when 6/(-10)*(-5 + 0) is divided by s?
0
Let u = -1869 - -1895. What is the remainder when 284 is divided by u?
24
Let r be (-1305)/((-3)/1) - 3. Suppose 2*t + 2*t + 2*d = 328, 5*t - r = 3*d. Suppose t = 3*q - 0*q. Calculate the remainder when q is divided by 15.
13
Let y(t) = 3*t + 31. Let l be y(-16). Let a(j) = j**3 + 16*j**2 - 16*j + 15. Let m be a(l). What is the remainder when 19 is divided by 9 + 1/m*2?
3
Let y be 27*(-5 - (-102)/18). Suppose 3*i + j - y = 0, -8 = -i + 5*j + 14. Calculate the remainder when 62 is divided by i.
6
Let a = 687 - 524. What is the remainder when a is divided by 43?
34
Let b(v) = -2*v + 1. Let h be b(-5). Let s be (-24)/h + 24/132. Calculate the remainder when (0 + 1)/(s/(-12)) is divided by 4.
2
Suppose -4*w - 6*g + 8 = -2*g, 4*g = w - 7. What is the remainder when (3 + w)/(6/32) is divided by 7?
4
Suppose -1638 = -91*v + 13*v. Let k(m) = m**3 - 3*m**2 - 6*m + 8. What is the remainder when k(6) is divided by v?
17
Let t = 17 - 12. What is the remainder when t is divided by (3*4/15)/(2/5)?
1
Suppose 3*h = -3*k + 171, 5*k + 3*h - 47 = 4*k. Suppose 2*o + 3*q = -0*o + 38, 2*o - 3*q = k. Calculate the r